of a.
2, 11
Suppose -g + 0*k - 19 = 3*k, 5*k = -10. Let z be 4/1 + (g - -11). What are the prime factors of -1*z/((-2)/75)?
3, 5
Let h = -5747 - -10622. List the prime factors of h.
3, 5, 13
Suppose 9*u - 7089021 = -41*u - 37*u. What are the prime factors of u?
3, 157, 173
List the prime factors of (3 - (-19981)/2) + 2/(-4).
3, 3331
Suppose -880378 - 1987305 = -91*r. List the prime factors of r.
31513
Let n(f) = -98*f + 7. Let h(o) be the first derivative of o**2/2 + o - 32. Let v(z) = -h(z) - n(z). List the prime factors of v(2).
2, 3, 31
Let t = -116 + 180. Suppose 0 = -73*n + t*n + 6264. What are the prime factors of n?
2, 3, 29
Let v be ((-24)/14)/(-6 - (-120)/21). Suppose 4788 = v*z - 846. What are the prime factors of z?
3, 313
Suppose -3*r + 91278 = -84*x + 96*x, 0 = 4*r - 2*x - 121668. What are the prime factors of r?
2, 67, 227
Let f(l) = -5*l**3 - 18*l**2 - 36*l + 21. What are the prime factors of f(-15)?
2, 3, 23, 97
Suppose -20*i = 5*g - 22*i + 9053, -3*i - 7224 = 4*g. Let o = 2725 + g. List the prime factors of o.
2, 229
Let f(j) = 2026*j**2 - 2024*j**2 + 0 - 7*j - j - 1. What are the prime factors of f(25)?
1049
What are the prime factors of ((288/(-840))/(2/(-49)))/((-9)/(-47130))?
2, 7, 1571
Let t(s) = s**3 + 14*s**2 + 13*s + 7. Let o be t(-13). Let c(n) = -n + 3*n - 6 - 5*n + o*n. What are the prime factors of c(13)?
2, 23
List the prime factors of 8402*(-14 - -16) + 8.
2, 3, 467
Suppose 5*v - 7*j = -3*j + 662, 0 = -v - 5*j + 144. Let l = v + -76. Let t = l - 37. List the prime factors of t.
3, 7
Suppose 20 = 3*l - l. Suppose -2932 = -l*n - 17872. List the prime factors of ((-2)/(-3))/((24/n)/(-4)).
2, 83
Let b be (-1)/7 + 8 + 1881/(-63). What are the prime factors of 791 + b/(-4) + 3/(-6)?
2, 199
Let m(t) = -t**2 + 4*t + 886. Let h(a) = -a**3 - 2*a**2 + 3*a + 4. Let d be h(-1). What are the prime factors of m(d)?
2, 443
Let z = -787 + 3573. What are the prime factors of z?
2, 7, 199
Let f = -1269 + 766. What are the prime factors of (3 - f/2)/((-4)/(-8))?
509
Suppose -2*h + 120 = 13*h. List the prime factors of (-2 + 292)*(-1)/h*-4.
5, 29
Suppose -5*i = 3*n - 119, -2*n - 5*i = -0*i - 71. List the prime factors of (-62)/(-124)*(2 + 18*n).
433
Let v = 4444 - 3115. Suppose -v = 5*o - 5734. What are the prime factors of o?
881
What are the prime factors of 6306/(-8)*48/(-18)?
2, 1051
Let q be -1 - (0 - 15*88). Suppose -4*d - 453 = -5*d + 2*y, -q = -3*d - 4*y. List the prime factors of d.
5, 89
Let x be 8/(2 + -4) - -19. Let d be (1 - -11)*(-10)/x. List the prime factors of d/(-36) - 2451/(-27).
7, 13
Let h = -13170 + 32497. What are the prime factors of h?
7, 11, 251
Suppose -102*n = -3215811 - 745198 - 1533221. What are the prime factors of n?
3, 5, 7, 19
What are the prime factors of (-148256)/(-3) + (3248/(-84) - -42)?
2, 3, 8237
Suppose 0 = -4*o - 5*c + 1766, 2*c + c = -o + 438. Suppose -o = -6*t + 594. List the prime factors of t.
173
Let k(i) = 5*i + 70. Let p be k(23). Let o = 560 - p. List the prime factors of o.
3, 5
Let r = 768 - 754. Let i(j) = -j**2 - 7*j - 7. Let v be i(-4). Suppose -4*h + r = -2*n - 26, v*h - 3*n - 50 = 0. What are the prime factors of h?
2, 5
Let w(p) = -3*p**3 + 55*p**2 + p - 20. Suppose -g + 40 - 22 = 0. What are the prime factors of w(g)?
2, 7, 23
Let q(w) be the first derivative of -w**4/4 + 13*w**3/3 + 9*w**2/2 - 2*w + 140. List the prime factors of q(9).
13, 31
Suppose 175*i - 945719 = 146*i. What are the prime factors of i?
32611
Suppose -20 = -2*z - 4*k, 0 = 4*z + z + 5*k - 45. Let u(y) = 18*y + 24. Let f be u(z). Suppose x - 108 = -j, f = j + 3*x + 60. List the prime factors of j.
2, 3
Suppose 9713 - 2699 = 6*j. List the prime factors of j.
7, 167
Suppose 120*w - 127*w - 147 = 0. What are the prime factors of (6 - (-112)/w)*1416?
2, 59
Suppose 102*j - 3383928 = -281*j - 4*j. List the prime factors of j.
2, 1093
Suppose 20*j - 28960 - 101700 = 0. What are the prime factors of j?
47, 139
Let f = -15622 - -24661. What are the prime factors of f?
3, 23, 131
Let p = -15035 - -28087. Suppose -p = -32*u + 6*u. What are the prime factors of u?
2, 251
Let v(l) = -40 + 89 + 28 + 89*l - 54*l - 43*l. List the prime factors of v(-9).
149
Let h(w) = w**3 - 11*w**2 + 15*w + 1. Let k(a) = a**3 + 4*a**2 - 7*a - 4. Let s be k(-5). Let f be h(s). Let v = -52 - f. List the prime factors of v.
37
Suppose 4*m = 9*h - 6*h - 4, 0 = 5*m - 3*h + 2. What are the prime factors of (8/10)/(m - 3695/1850)?
2, 37
Let a(m) = 4*m**2 + 26*m - 106. Let u be a(6). Let p be -3 + 0 + -1 + 0. List the prime factors of (u/p - 0)/(48/(-96)).
97
Suppose -25 = 5*b, 37*h - 99715 = 32*h + 4*b. List the prime factors of h.
127, 157
Let h(x) = 11*x + 56. Let j be h(-9). Let a = -11 + j. What are the prime factors of (-4 + 2)*(a + 3 - -6)?
2, 3, 5
Let y = 31 - 58. Let k = -15 - y. List the prime factors of ((-8)/5)/(k/(-360)).
2, 3
Suppose -3*j - 3408 = -2*a - 7*j, -5*j = -4*a + 6764. List the prime factors of a.
2, 53
Let a = 72 + -70. Suppose t - k = -263, 578 = -3*t + a*k - 208. List the prime factors of -6*1/2 - (-1 + t).
2, 3, 43
Suppose -3*v - 3 = -4*v. Suppose 5*y - f = 25, -15 = -v*y - 3*f - 2*f. Suppose 13*k = y*k + 56. List the prime factors of k.
7
Let o(r) = -697*r - 226. List the prime factors of o(-10).
2, 3, 281
Suppose -2*d + 52840 + 32136 = 4*c, 0 = -3*c - 2*d + 63733. List the prime factors of c.
3, 73, 97
Suppose -14*m = 5273 + 2693. Let p = 1186 + m. List the prime factors of p.
617
Let d = -97 - -75. Let w = 26 + d. Suppose 0 = w*v + b - 149, 8*v = 4*v - 4*b + 164. List the prime factors of v.
2, 3
Suppose -16654 = -4*k - 3*d, -41*k = -44*k + 3*d + 12480. List the prime factors of k.
2, 2081
Let p be ((-18)/(-5))/((-30)/(-4575)). Suppose -3*w - c + 1663 = 0, 3*c - 4*c - p = -w. List the prime factors of w.
7, 79
Let j(n) = 345*n**2 - 454*n - 25. What are the prime factors of j(8)?
3, 23, 89
Let t = -477 + 743. Let g = -171 + t. Suppose 3*c = y - 29, -5*c + 14 - g = -4*y. What are the prime factors of y?
2, 7
Let h(m) = -1170*m - 423. List the prime factors of h(-7).
3, 863
Let x = 6817 - 2799. List the prime factors of x.
2, 7, 41
Let u = 1701 - -10008. What are the prime factors of u?
3, 1301
Let w = 19863 + -16227. List the prime factors of w.
2, 3, 101
Let p(h) = 25*h**2 - 218*h + 3. What are the prime factors of p(-16)?
3, 7, 157
Let r be (-50)/(-6) + 4/6. Suppose -4*a - 36 = -16*a. Suppose f - 5*f = a*v - 195, -r = 3*f. List the prime factors of v.
3, 23
Let l = -682 + 1330. What are the prime factors of l?
2, 3
Suppose -14*y - 3276 = -32*y. Suppose v - 4*v - 3*p = 228, 2*p = -6. Let o = v + y. What are the prime factors of o?
109
Suppose -104 = 38*h - 46*h. Suppose -o - 10968 = -h*o. What are the prime factors of o?
2, 457
Let m = -63 - -75. Suppose -m*f + 1956 = -4368. What are the prime factors of f?
17, 31
Suppose 0 = 2*g - 8. Suppose 20 = 2*c + g*l, 3*c - 9*l + 3 = -4*l. Suppose -5*i + 12 = 3*w - 37, -c*w = -2*i + 4. What are the prime factors of i?
2
Let c(v) = 2*v**2 - 5*v + 76. Let o(g) = g**2 - 3*g + 51. Let q(n) = 5*c(n) - 7*o(n). Let f be q(-6). Let b = f - 77. What are the prime factors of b?
2, 3, 13
Let i be (-20)/(-14) + -1 + 4598/133. Suppose g = -2*u + 29, g - i = -u - 5. Let s = g - 27. List the prime factors of s.
2
Suppose -56*f = -66*f + 2520. Let t = f - -39. List the prime factors of t.
3, 97
Suppose 4*w - 8495 = 5*u, 4*w + 0*u = -2*u + 8474. Suppose 3934 + 1392 = 5*d + 3*y, -4*y - w = -2*d. List the prime factors of d.
2, 7, 19
Let z(v) = -12 + 4*v**2 - 91*v + 0*v**2 + 51*v. List the prime factors of z(14).
2, 53
Suppose 9*c + 5 - 275 = 0. Let u(j) = 2*j**2 - 40*j + 49. What are the prime factors of u(c)?
11, 59
Let k(p) = 7*p**2 + 8*p**2 - 22*p**2 + p + 9*p**2 + 48. List the prime factors of k(10).
2, 3, 43
List the prime factors of 0/(-150) - -15187*(0 + 3).
3, 15187
Let q(b) be the second derivative of -b**5/20 - 3*b**4/4 - 5*b**3/2 + 7*b**2/2 + b + 57. What are the prime factors of q(-10)?
257
Let i(l) = 4*l**2 + 39*l + 995. List the prime factors of i(-24).
17, 139
Suppose -117*s + 1279609 = -79229. What are the prime factors of s?
2, 5807
Let b(g) = -g**3 + 17*g**2 - g + 13. Let j be b(17). Let c(u) = -16*u + 7. What are the prime factors of c(j)?
71
Let d = 8156 - -675. What a